{"id":302,"date":"2023-03-12T02:11:08","date_gmt":"2023-03-12T02:11:08","guid":{"rendered":"https:\/\/www.lowell-beauty.com\/?post_type=product&#038;p=302"},"modified":"2023-03-12T21:43:35","modified_gmt":"2023-03-12T21:43:35","slug":"shampooing-a-lail-5","status":"publish","type":"product","link":"https:\/\/www.lowell-beauty.com\/?product=shampooing-a-lail-5","title":{"rendered":"Shampooing Argan"},"content":{"rendered":"<p>Le shampooing Argan est compos\u00e9 de vitamine E et d&#8217;acides gras, en plus d&#8217;om\u00e9ga 6 et d&#8217;om\u00e9ga 9, car il aide \u00e0 traiter plusieurs probl\u00e9mes capillaires.<\/p>\n<p>Ce shampooing peut agir comme un hydratant du cuir chevelu pour lutter contre les pellicules et le cuir chevelu sec. il peut \u00e9galement favoriser la croissance de cheveux sains et fors au lieu de cheveux fins et cassants.<\/p>\n<p>Ingradients italiens et formule 100% originale sous licence espagnole.<\/p>\n","protected":false},"excerpt":{"rendered":"<p>Le shampooing Argan est compos\u00e9 de vitamine E et d&#8217;acides gras, en plus d&#8217;om\u00e9ga 6 et d&#8217;om\u00e9ga 9, car il aide \u00e0 traiter plusieurs probl\u00e9mes capillaires.<\/p>\n<p>Ce shampooing peut agir comme un hydratant du cuir chevelu pour lutter contre les pellicules et le cuir chevelu sec. il peut \u00e9galement favoriser la croissance de cheveux sains et fors au lieu de cheveux fins et cassants.<\/p>\n<p>Ingradients italiens et formule 100% originale sous licence espagnole.<\/p>\n","protected":false},"featured_media":266,"comment_status":"open","ping_status":"closed","template":"","meta":[],"product_cat":[20],"product_tag":[],"class_list":{"0":"post-302","1":"product","2":"type-product","3":"status-publish","4":"has-post-thumbnail","6":"product_cat-shampooing","8":"entry","9":"has-media","11":"first","12":"instock","13":"shipping-taxable","14":"product-type-simple","15":"has-product-nav","16":"col","17":"span_1_of_5","18":"owp-content-center","19":"owp-thumbs-layout-vertical","20":"owp-btn-normal","21":"owp-tabs-layout-horizontal"},"_links":{"self":[{"href":"https:\/\/www.lowell-beauty.com\/index.php?rest_route=\/wp\/v2\/product\/302","targetHints":{"allow":["GET"]}}],"collection":[{"href":"https:\/\/www.lowell-beauty.com\/index.php?rest_route=\/wp\/v2\/product"}],"about":[{"href":"https:\/\/www.lowell-beauty.com\/index.php?rest_route=\/wp\/v2\/types\/product"}],"replies":[{"embeddable":true,"href":"https:\/\/www.lowell-beauty.com\/index.php?rest_route=%2Fwp%2Fv2%2Fcomments&post=302"}],"wp:featuredmedia":[{"embeddable":true,"href":"https:\/\/www.lowell-beauty.com\/index.php?rest_route=\/wp\/v2\/media\/266"}],"wp:attachment":[{"href":"https:\/\/www.lowell-beauty.com\/index.php?rest_route=%2Fwp%2Fv2%2Fmedia&parent=302"}],"wp:term":[{"taxonomy":"product_cat","embeddable":true,"href":"https:\/\/www.lowell-beauty.com\/index.php?rest_route=%2Fwp%2Fv2%2Fproduct_cat&post=302"},{"taxonomy":"product_tag","embeddable":true,"href":"https:\/\/www.lowell-beauty.com\/index.php?rest_route=%2Fwp%2Fv2%2Fproduct_tag&post=302"}],"curies":[{"name":"wp","href":"https:\/\/api.w.org\/{rel}","templated":true}]}}