{"id":305,"date":"2023-03-12T02:14:15","date_gmt":"2023-03-12T02:14:15","guid":{"rendered":"https:\/\/www.lowell-beauty.com\/?post_type=product&#038;p=305"},"modified":"2023-03-12T21:43:45","modified_gmt":"2023-03-12T21:43:45","slug":"shampooing-a-lail-6","status":"publish","type":"product","link":"https:\/\/www.lowell-beauty.com\/?product=shampooing-a-lail-6","title":{"rendered":"Shampooing \u00e0 l&#8217;Ail"},"content":{"rendered":"<p>Le shampooing \u00e0 l&#8217;ail contient de nombreuses vitamines et min\u00e9raux tels que: La vitamine C, La vitamine B6, le mangan\u00e9se et le s\u00e9l\u00e9nium, car chacun de ces \u00e9l\u00e9ments contribue \u00e0 favoriser une croissance saine de cheveux.<\/p>\n<p>\u00e9liminez le probl\u00e9me de la perte de cheveux qui affecte les hommes et les femmes, r\u00e9duisez les pellicules, traitez les cheveux faibles, r\u00e9duisez les cheveux abim\u00e9s et activez la circulation sanguine des cheveux. Ingr\u00e9dients italiens et formule 100% originale sous license espagnole.<\/p>\n","protected":false},"excerpt":{"rendered":"<p>Le shampooing \u00e0 l&#8217;ail contient de nombreuses vitamines et min\u00e9raux tels que: La vitamine C, La vitamine B6, le mangan\u00e9se et le s\u00e9l\u00e9nium, car chacun de ces \u00e9l\u00e9ments contribue \u00e0 favoriser une croissance saine de cheveux.<\/p>\n<p>\u00e9liminez le probl\u00e9me de la perte de cheveux qui affecte les hommes et les femmes, r\u00e9duisez les pellicules, traitez les cheveux faibles, r\u00e9duisez les cheveux abim\u00e9s et activez la circulation sanguine des cheveux. Ingr\u00e9dients italiens et formule 100% originale sous license espagnole.<\/p>\n","protected":false},"featured_media":265,"comment_status":"open","ping_status":"closed","template":"","meta":[],"product_cat":[20],"product_tag":[],"class_list":{"0":"post-305","1":"product","2":"type-product","3":"status-publish","4":"has-post-thumbnail","6":"product_cat-shampooing","8":"entry","9":"has-media","11":"first","12":"instock","13":"shipping-taxable","14":"product-type-simple","15":"has-product-nav","16":"col","17":"span_1_of_5","18":"owp-content-center","19":"owp-thumbs-layout-vertical","20":"owp-btn-normal","21":"owp-tabs-layout-horizontal"},"_links":{"self":[{"href":"https:\/\/www.lowell-beauty.com\/index.php?rest_route=\/wp\/v2\/product\/305","targetHints":{"allow":["GET"]}}],"collection":[{"href":"https:\/\/www.lowell-beauty.com\/index.php?rest_route=\/wp\/v2\/product"}],"about":[{"href":"https:\/\/www.lowell-beauty.com\/index.php?rest_route=\/wp\/v2\/types\/product"}],"replies":[{"embeddable":true,"href":"https:\/\/www.lowell-beauty.com\/index.php?rest_route=%2Fwp%2Fv2%2Fcomments&post=305"}],"wp:featuredmedia":[{"embeddable":true,"href":"https:\/\/www.lowell-beauty.com\/index.php?rest_route=\/wp\/v2\/media\/265"}],"wp:attachment":[{"href":"https:\/\/www.lowell-beauty.com\/index.php?rest_route=%2Fwp%2Fv2%2Fmedia&parent=305"}],"wp:term":[{"taxonomy":"product_cat","embeddable":true,"href":"https:\/\/www.lowell-beauty.com\/index.php?rest_route=%2Fwp%2Fv2%2Fproduct_cat&post=305"},{"taxonomy":"product_tag","embeddable":true,"href":"https:\/\/www.lowell-beauty.com\/index.php?rest_route=%2Fwp%2Fv2%2Fproduct_tag&post=305"}],"curies":[{"name":"wp","href":"https:\/\/api.w.org\/{rel}","templated":true}]}}