{"id":520,"date":"2023-06-01T10:23:50","date_gmt":"2023-06-01T10:23:50","guid":{"rendered":"https:\/\/www.lowell-beauty.com\/?post_type=product&#038;p=520"},"modified":"2024-01-25T13:20:40","modified_gmt":"2024-01-25T13:20:40","slug":"masque-capillaire-keratine","status":"publish","type":"product","link":"https:\/\/www.lowell-beauty.com\/?product=masque-capillaire-keratine","title":{"rendered":"Masque capillaire k\u00e9ratine"},"content":{"rendered":"<p>Ce masque de cheveux est enrichi \u00e0 la k\u00e9ratine et au collag\u00e8ne, il hydrate et nourrit en profondeur les cheveux abim\u00e9s en donnant un \u00e9clat extraordinaire.<\/p>\n","protected":false},"excerpt":{"rendered":"<p>Ce masque de cheveux est enrichi \u00e0 la k\u00e9ratine et au collag\u00e8ne, il hydrate et nourrit en profondeur les cheveux abim\u00e9s en donnant un \u00e9clat extraordinaire.<\/p>\n","protected":false},"featured_media":559,"comment_status":"open","ping_status":"closed","template":"","meta":[],"product_cat":[18],"product_tag":[],"class_list":{"0":"post-520","1":"product","2":"type-product","3":"status-publish","4":"has-post-thumbnail","6":"product_cat-uncategorized","8":"entry","9":"has-media","11":"first","12":"instock","13":"shipping-taxable","14":"product-type-simple","15":"has-product-nav","16":"col","17":"span_1_of_5","18":"owp-content-center","19":"owp-thumbs-layout-vertical","20":"owp-btn-normal","21":"owp-tabs-layout-horizontal"},"_links":{"self":[{"href":"https:\/\/www.lowell-beauty.com\/index.php?rest_route=\/wp\/v2\/product\/520","targetHints":{"allow":["GET"]}}],"collection":[{"href":"https:\/\/www.lowell-beauty.com\/index.php?rest_route=\/wp\/v2\/product"}],"about":[{"href":"https:\/\/www.lowell-beauty.com\/index.php?rest_route=\/wp\/v2\/types\/product"}],"replies":[{"embeddable":true,"href":"https:\/\/www.lowell-beauty.com\/index.php?rest_route=%2Fwp%2Fv2%2Fcomments&post=520"}],"wp:featuredmedia":[{"embeddable":true,"href":"https:\/\/www.lowell-beauty.com\/index.php?rest_route=\/wp\/v2\/media\/559"}],"wp:attachment":[{"href":"https:\/\/www.lowell-beauty.com\/index.php?rest_route=%2Fwp%2Fv2%2Fmedia&parent=520"}],"wp:term":[{"taxonomy":"product_cat","embeddable":true,"href":"https:\/\/www.lowell-beauty.com\/index.php?rest_route=%2Fwp%2Fv2%2Fproduct_cat&post=520"},{"taxonomy":"product_tag","embeddable":true,"href":"https:\/\/www.lowell-beauty.com\/index.php?rest_route=%2Fwp%2Fv2%2Fproduct_tag&post=520"}],"curies":[{"name":"wp","href":"https:\/\/api.w.org\/{rel}","templated":true}]}}